 -3*f - f + x = 0. Suppose -148 = -38*t + f*t. List the prime factors of t.
37
Let w(v) = 6*v**2 + 180*v + 4255. List the prime factors of w(-30).
5, 23, 37
Let w(s) = 131*s**2 + 21*s + 28. Let j be w(-6). Let q = -3014 + j. What are the prime factors of q?
2, 401
Let n = -2608 + 22641. List the prime factors of n.
13, 23, 67
Suppose 0 = w - d + 52, w + 44 = -2*d + 7*d. Suppose 0 = -2*z + p - 5, -3 = 3*z + p + 7. List the prime factors of z/(w/(-4)) - 3428/(-36).
5, 19
Suppose -2*j + 6*b = 7*b - 54, 5*j = -4*b + 138. Suppose 21*s + 875 = j*s. What are the prime factors of s?
5, 7
Let n be 6/9 - 4/(-3). Suppose -2*d - 3*v - 26 = 0, -2*v = n*d - 5*v + 2. Let z = d - -19. What are the prime factors of z?
2, 3
Let t = 29 + 35. Let v = -34 + t. Let q = 14 + v. What are the prime factors of q?
2, 11
Let a(z) = 1591*z - 901. What are the prime factors of a(9)?
2, 6709
Suppose -3*k + 2*y = 10, 5*k - 3*y = -8*y + 25. Let v(z) = -z**2 + 2*z - 13. Let w be v(k). Let p(a) = -a**3 - 13*a**2 - a + 21. List the prime factors of p(w).
2, 17
Suppose 4*n - 5*w = 6*n - 22, 5*n = -5*w + 25. Let r(q) = 341*q - 7. What are the prime factors of r(n)?
2, 167
Let v = 54441 + -26976. List the prime factors of v.
3, 5, 1831
Suppose 0 = -5*b + 3*l + 19559 + 4250, -10*l = 3*b - 14250. What are the prime factors of b?
2, 5, 7, 17
Let w(q) = -2*q**2 - 2*q + 4. Let k be w(4). Let d = -2896 + 2462. What are the prime factors of d/(-4)*(k/(-21))/1?
2, 3, 31
Let o = 351 + -339. Suppose -s - o*s = -4095. What are the prime factors of s?
3, 5, 7
Let f(r) = 6*r**2 + 26*r + 1023. What are the prime factors of f(-35)?
17, 439
Let r = -11451 - -19086. List the prime factors of r.
3, 5, 509
Let a be (-1)/(((-3)/(-123))/1). Let o = 94 + a. Suppose 5*p + o + 202 = 4*s, 2*p = -s + 67. What are the prime factors of s?
5, 13
Let m = -1 + -11. Let r be (-125)/(-2) - (66/m)/(-11). Let c = r - -120. List the prime factors of c.
2, 7, 13
Let k(o) = -3*o - 1. Let t be k(-1). Let a = -1602 - -1604. Suppose 0 = -4*q + 2*v + 482, -a*q + 7*v - t*v = -261. List the prime factors of q.
2, 59
Suppose -3*t + 2 = -t. Let g be 3*((-38)/3 - t). Let d = -31 - g. List the prime factors of d.
2, 5
Suppose -2*f - 5*r = -35624, 0 = -54*f + 57*f + 5*r - 53451. What are the prime factors of f?
17827
Let z = -149 - -154. Suppose 4*d = -2*s + 1985 - 197, -2*d + 894 = z*s. What are the prime factors of d?
3, 149
Suppose -3613*t + 37100 = -3604*t - 58696. List the prime factors of t.
2, 3, 887
Let r(t) be the third derivative of t**6/120 - 2*t**5/15 - t**4/4 + 5*t**3/3 - 39*t**2. List the prime factors of r(9).
37
Let l = 3583 - 3547. What are the prime factors of l?
2, 3
Let c be ((-1)/(-1) - -837) + 5. Suppose 1887 + c = 7*s. What are the prime factors of (4 + -8)*s/(-8)?
3, 5, 13
Suppose -5612050 = -255*q + 2850380. What are the prime factors of q?
2, 3, 5531
Let j = -17286 + 28614. List the prime factors of j.
2, 3, 59
What are the prime factors of -2 + -1 + (-6 - (-24760 - 11))?
2, 3, 4127
Let q(u) = -40*u**3 + 16*u**2 + 34*u + 18. List the prime factors of q(-4).
2, 19, 71
Suppose 0 = 3*b - 1186 - 374. Suppose b = 3*v + v. List the prime factors of v/195*2/(8/54).
3
Let s(k) = -k - 6. Suppose c = -19 + 6. Let a be s(c). Suppose -a*p + 11*p + 3*r = 686, r = 2*p - 338. List the prime factors of p.
2, 5, 17
Let i(c) = -39*c - 14. Let t be i(-2). Let v = t - -69. What are the prime factors of v?
7, 19
Let v(c) = c**3 + 6*c**2 + 16*c - 5. Let g = -113 + 105. Let q be v(g). What are the prime factors of (0 + 3)*4/6 - q?
263
Let m = -35 - -20. Let y(v) = 2*v**3 + 11*v**2 + v - 2. Let x be y(-5). Let a = x + m. What are the prime factors of a?
3
List the prime factors of -1 - -1734 - (-3)/(-15)*(1 + 4).
2, 433
Let i(f) = -f**3 - 7*f**2 - 9*f + 25. Let u be i(-12). Suppose -u + 4075 = 9*o. List the prime factors of o.
2, 179
Let n = -52991 + 87131. What are the prime factors of n?
2, 3, 5, 569
List the prime factors of (2*9)/((10/11225)/(2/10)).
3, 449
Let z = -67 + 69. Suppose z*o = -3*o + 25, 0 = 4*t + 3*o - 15. What are the prime factors of (t - 12)/((-3)/8)?
2
Let j = 8997 - -2288. What are the prime factors of j?
5, 37, 61
Suppose y - 11118 = 2*q, q = -4*y - q + 44532. List the prime factors of y.
2, 3, 5, 7, 53
Suppose 637 = -3*q - 1181. Let w be q*(80/90 - 2/9). What are the prime factors of (w/8)/(6/(-12))?
101
Let k be (-7839)/(-468) - 1/((-8)/(-6)). Suppose 4*v = k, 5*g - 4*g + 5*v = 499. What are the prime factors of g?
479
Suppose 0 = -3*v + 4*v - 8*v. Suppose 3*z + 18*c - 4268 = 20*c, -z + 4*c + 1426 = v. List the prime factors of z.
2, 3, 79
Suppose 34*r + 193 = -5689. Let s = 0 - r. What are the prime factors of s?
173
Let m = 4302 - 2891. List the prime factors of m.
17, 83
Suppose 449 = l + 12*z - 7*z, 4*z + 2332 = 5*l. Let b = l - 287. List the prime factors of b.
3, 59
Let s(p) = -23*p + 7. Let b be s(-2). Suppose -3*l = 4*r - 6*l - b, -4*l + 4 = 0. List the prime factors of (r/21)/(4/294).
7
Let p(u) = -u**2 - 34*u + 195. Let a be p(5). Suppose l - 1503 = -s, a*l + 7506 = 5*s + 2*l. List the prime factors of s.
2, 3, 5
Let o(g) = 55 - 1867*g + 1859*g + 15. What are the prime factors of o(-17)?
2, 103
Let u be (-102)/((64/(-12))/(-8)). What are the prime factors of 18/u - (-4915)/17?
17
Let x(z) = 11*z**2 - z + 4. Suppose 2*g - 3 = -2*g + q, -3*g - 15 = 5*q. Suppose -3*v + 12 - 6 = g. List the prime factors of x(v).
2, 23
Suppose 3*t + 15 = 2*s, -2*s - 4*t + 22 = -0*t. What are the prime factors of 10/(-40) - s/(-4) - -1187?
29, 41
Let i = -658 - -673. Suppose -5*c + 4670 = 3*l - 210, 0 = -3*l + i. What are the prime factors of c?
7, 139
Let f be (0 - 1)/((-9)/36). Suppose g - 293 = 4*b, -f*g = g + 5*b - 1415. Let k = g - 48. List the prime factors of k.
3, 79
Let p(v) be the first derivative of -13*v**2/2 - 19*v - 129. Suppose -50 = 20*q - 15*q. List the prime factors of p(q).
3, 37
Let c be 23 + -9 - 2*-2. Suppose c*a + 6 = 19*a. What are the prime factors of -26*21/a*-1?
7, 13
List the prime factors of 7614*18/(108/15).
3, 5, 47
Let q(b) = 216*b - 7. Let p be q(2). Let i = p - 246. List the prime factors of i.
179
Let n = 23899 + -21287. What are the prime factors of n?
2, 653
Let m(a) = 63*a**2 + 2*a + 1. Let t(b) be the third derivative of b**5/60 - 5*b**4/24 - 5*b**3/2 + b**2. Let o be t(7). List the prime factors of m(o).
2, 31
Let m be (-2)/(4/(-15 - 1)). Suppose a - 1193 = -4*a - r, -4*r - m = 0. List the prime factors of a.
239
Suppose 28 = -7*p + 245. Let r = 35 - p. What are the prime factors of (-11)/(22/(-36)) - r?
2, 7
What are the prime factors of 81/243*(-534891)/(-7)?
25471
What are the prime factors of ((-70)/49 - 2)/(1/(-280))?
2, 3, 5
Let v = 4559 + 8562. List the prime factors of v.
13121
Let g be ((-63)/(-6))/((-12)/(-16) + 0). Let k = -6 - g. Let f = 36 - k. What are the prime factors of f?
2, 7
Suppose 590 = -3*m + f, 0 = 8*f - 3*f + 5. Let r = m - -242. List the prime factors of r.
3, 5
What are the prime factors of (12268/(-6))/(70/(-315))?
3, 3067
Let r = 0 - -48. Let i = 1550 - r. What are the prime factors of i?
2, 751
Suppose 2213 = -4*k - 1267. What are the prime factors of (-6)/12*k + 6?
3, 7
Let u = 7983 - 6921. List the prime factors of u.
2, 3, 59
Suppose -12*k + 33889 - 841 = 0. Suppose -2*t + k = -3*h, 7*t - 5*t + h - 2754 = 0. List the prime factors of t.
3, 17
Suppose 0 = -4*h + 59 - 19. Let q be h/(-4) - 4466/(-28). Let c = 247 - q. What are the prime factors of c?
2, 3, 5
Let j(p) be the second derivative of p**4/12 - 3*p**3/2 + 28*p**2 - 2*p - 45. What are the prime factors of j(11)?
2, 3, 13
Let g(v) = 113*v**3 + v**2 - 2*v + 2. Suppose 29*x + 6 = 35*x. List the prime factors of g(x).
2, 3, 19
Suppose -5*i + 3*y = -25, -2*y - 3*y - 27 = -i. Suppose -4*t - 3*a - i*a = -133, -2*t = -2*a - 62. Suppose -30*l - 234 = -t*l. List the prime factors of l.
3, 13
Let r(z) = 339 - 2*z + 113*z + 159*z - 35*z. List the prime factors of r(7).
2, 31
Suppose k + 5 = 4*t + 7, 3*k - 6 = 2*t. Suppose q - m - 281 = t, -4*q - 6*m = -5*m - 1124. List the prime factors of q.
281
Let l(c) = -1050*c - 7. Let m be l(-4). Suppose -u = 6*u - m. Suppose -9*i + 544 = -u. List the prime factors of i.
127
Let u be 12/(-9)*3*-1. Suppose 0 = -u*h - 1549 - 835. Let o = -415 - h. What are